 is divided by 325.
297
What is the remainder when 58169 is divided by 277?
276
What is the remainder when 432 is divided by 46?
18
What is the remainder when 3206 is divided by 39?
8
Calculate the remainder when 153 is divided by 1.
0
Calculate the remainder when 358 is divided by 90.
88
Calculate the remainder when 1692 is divided by 8.
4
Calculate the remainder when 1390 is divided by 7.
4
Calculate the remainder when 501 is divided by 414.
87
What is the remainder when 2639 is divided by 11?
10
Calculate the remainder when 248 is divided by 130.
118
What is the remainder when 1928 is divided by 11?
3
Calculate the remainder when 76 is divided by 55.
21
Calculate the remainder when 529 is divided by 19.
16
Calculate the remainder when 436 is divided by 6.
4
What is the remainder when 58 is divided by 15?
13
Calculate the remainder when 354 is divided by 22.
2
What is the remainder when 411 is divided by 64?
27
What is the remainder when 169 is divided by 90?
79
Calculate the remainder when 407 is divided by 192.
23
Calculate the remainder when 2206 is divided by 445.
426
What is the remainder when 3410 is divided by 425?
10
What is the remainder when 1267 is divided by 414?
25
Calculate the remainder when 4787 is divided by 19.
18
Calculate the remainder when 237 is divided by 14.
13
Calculate the remainder when 368 is divided by 57.
26
Calculate the remainder when 1130 is divided by 126.
122
What is the remainder when 219 is divided by 25?
19
What is the remainder when 24 is divided by 10?
4
Calculate the remainder when 1355 is divided by 14.
11
Calculate the remainder when 138 is divided by 19.
5
What is the remainder when 731 is divided by 243?
2
What is the remainder when 912 is divided by 37?
24
Calculate the remainder when 439 is divided by 13.
10
Calculate the remainder when 219 is divided by 196.
23
Calculate the remainder when 205 is divided by 51.
1
What is the remainder when 426 is divided by 187?
52
Calculate the remainder when 733 is divided by 140.
33
What is the remainder when 6574 is divided by 101?
9
Calculate the remainder when 2074 is divided by 512.
26
What is the remainder when 415 is divided by 226?
189
What is the remainder when 568 is divided by 311?
257
Calculate the remainder when 271 is divided by 110.
51
What is the remainder when 34901 is divided by 126?
125
Calculate the remainder when 1040 is divided by 33.
17
What is the remainder when 589 is divided by 99?
94
Calculate the remainder when 106 is divided by 42.
22
What is the remainder when 419 is divided by 108?
95
Calculate the remainder when 15995 is divided by 3.
2
What is the remainder when 1147 is divided by 194?
177
Calculate the remainder when 2722 is divided by 109.
106
What is the remainder when 191 is divided by 50?
41
What is the remainder when 2282 is divided by 567?
14
Calculate the remainder when 1252 is divided by 222.
142
What is the remainder when 473 is divided by 68?
65
Calculate the remainder when 546 is divided by 70.
56
What is the remainder when 6 is divided by 4?
2
What is the remainder when 58 is divided by 16?
10
Calculate the remainder when 328 is divided by 50.
28
Calculate the remainder when 76 is divided by 28.
20
Calculate the remainder when 258 is divided by 126.
6
What is the remainder when 122 is divided by 11?
1
Calculate the remainder when 2599 is divided by 84.
79
What is the remainder when 3799 is divided by 40?
39
What is the remainder when 489 is divided by 29?
25
Calculate the remainder when 3806 is divided by 57.
44
Calculate the remainder when 138 is divided by 92.
46
What is the remainder when 892 is divided by 64?
60
Calculate the remainder when 368 is divided by 50.
18
What is the remainder when 1319 is divided by 30?
29
Calculate the remainder when 1369 is divided by 684.
1
What is the remainder when 7780 is divided by 43?
40
What is the remainder when 4364 is divided by 21?
17
Calculate the remainder when 49 is divided by 17.
15
What is the remainder when 458 is divided by 66?
62
What is the remainder when 569 is divided by 44?
41
Calculate the remainder when 259 is divided by 21.
7
Calculate the remainder when 129 is divided by 59.
11
Calculate the remainder when 146 is divided by 27.
11
What is the remainder when 24 is divided by 13?
11
Calculate the remainder when 42 is divided by 8.
2
Calculate the remainder when 667 is divided by 327.
13
What is the remainder when 174 is divided by 36?
30
Calculate the remainder when 48 is divided by 27.
21
What is the remainder when 71 is divided by 67?
4
Calculate the remainder when 89 is divided by 32.
25
What is the remainder when 1094 is divided by 17?
6
What is the remainder when 386 is divided by 97?
95
What is the remainder when 96 is divided by 35?
26
What is the remainder when 185 is divided by 40?
25
What is the remainder when 159 is divided by 18?
15
Calculate the remainder when 313 is divided by 20.
13
Calculate the remainder when 50 is divided by 47.
3
What is the remainder when 487 is divided by 35?
32
Calculate the remainder when 193 is divided by 43.
21
Calculate the remainder when 56 is divided by 19.
18
What is the remainder when 1681 is divided by 29?
28
Calculate the remainder when 105 is divided by 13.
1
Calculate the remainder when 159 is divided by 33.
27
Calculate the remainder when 81 is divided by 7.
4
What is the remainder when 1773 is divided by 1767?
6
Calculate the remainder when 753 is divided by 54.
51
What is the remainder when 236 is divided by 20?
16
What is the remainder when 25618 is divided by 17?
16
What is the remainder when 6910 is divided by 96?
94
What is the remainder when 72 is divided by 28?
16
What is the remainder when 216 is divided by 86?
44
Calculate the remainder when 41 is divided by 6.
5
What is the remainder when 1377 is divided by 274?
7
Calculate the remainder when 5998 is divided by 64.
46
Calculate the remainder when 95 is divided by 41.
13
What is the remainder when 670 is divided by 15?
10
What is the remainder when 126 is divided by 64?
62
Calculate the remainder when 166 is divided by 21.
19
Calculate the remainder when 21 is divided by 13.
8
What is the remainder when 97 is divided by 12?
1
What is the remainder when 962 is divided by 121?
115
What is the remainder when 274 is divided by 11?
10
Calculate the remainder when 486 is divided by 101.
82
Calculate the remainder when 6185 is divided by 17.
14
What is the remainder when 7017 is divided by 3506?
5
Calculate the remainder when 313 is divided by 212.
101
What is the remainder when 478 is divided by 32?
30
What is the remainder when 1021 is divided by 128?
125
Calculate the remainder when 7740 is divided by 79.
77
What is the remainder when 210 is divided by 101?
8
What is the remainder when 357 is divided by 182?
175
Calculate the remainder when 166 is divided by 17.
13
Calculate the remainder when 187 is divided by 5.
2
Calculate the remainder when 542 is divided by 27.
2
What is the remainder when 218 is divided by 20?
18
Calculate the remainder when 4849 is divided by 9.
7
What is the remainder when 967 is divided by 97?
94
What is the remainder when 249 is divided by 248?
1
What is the remainder when 40 is divided by 21?
19
What is the remainder when 8380 is divided by 32?
28
Calculate the remainder when 213 is divided by 33.
15
What is the remainder when 1003 is divided by 331?
10
Calculate the remainder when 570 is divided by 22.
20
What is the remainder when 21328 is divided by 90?
88
What is the remainder when 1990 is divided by 6?
4
Calculate the remainder when 5582 is divided by 57.
53
Calculate the remainder when 3127 is divided by 21.
19
Calculate the remainder when 1581 is divided by 314.
11
What is the remainder when 252 is divided by 6?
0
Calculate the remainder when 2204 is divided by 3.
2
Calculate the remainder when 3656 is divided by 53.
52
What is the remainder when 205 is divided by 16?
13
Calculate the remainder when 4437 is divided by 37.
34
Calculate the remainder when 832 is divided by 49.
48
What is the remainder when 201 is divided by 103?
98
Calculate the remainder when 333 is divided by 43.
32
Calculate the remainder when 4593 is divided by 22.
17
What is the remainder when 8 is divided by 2?
0
Calculate the remainder wh